))/(1/(-5)). Let d = i - -10. Let c(v) = v + 7. Let n be c(d). Calculate the greatest common factor of n and 5.
1
Let w = -1205 - -1809. Let a = w + -504. Suppose 102 = 2*f + 22. What is the highest common divisor of f and a?
20
Let n(w) = 6*w**2 + 32*w - 30. Let u be n(-6). Let c = 2 - -10. Let z be (-4)/c + 16/u - -157. Calculate the highest common factor of z and 14.
14
Suppose 3*q + y - 270 = 0, 389 - 19 = 4*q - 2*y. Suppose -2*g = 5*l - q, 3*l - l + 242 = 5*g. Calculate the highest common factor of g and 132.
12
Let v be 2 + ((-8)/4 - -2). Let x(m) = m**3 + 4*m**2 + 2. Let a be x(-4). Let d be (2 + 1 - a)*(10 - -4). Calculate the highest common divisor of v and d.
2
Suppose 28*r + 5*r = 7128. What is the greatest common divisor of 360 and r?
72
Let v = 7496 - 7489. Let j(h) = 32*h - 1. Let u be j(2). Calculate the highest common factor of v and u.
7
Let p be (-3)/(-2) - (-1)/2. Let a be 25/p*(-4)/(-5). Suppose -153*h + 155*h = -3*c + 102, -c + 48 = 3*h. Calculate the greatest common divisor of c and a.
10
Let x = 29 + -11. Suppose 1864 - 214 = -6*o. Let h be (165/o)/(1/(-10)). Calculate the highest common divisor of x and h.
6
Let b be ((-25)/15)/((-14)/(-42)). Let r(z) = -3*z**3 - 11*z**2 + 4*z - 8. Let q be r(b). Calculate the highest common factor of q and 88.
8
Let q be 8 + -4 + 1 + 0. Let u be (4*q)/((-6)/6). Let y = u + 33. What is the highest common divisor of y and 52?
13
Let f be (6138/310)/(1/((-30)/(-3))). What is the highest common factor of 231 and f?
33
Suppose p = -5*r + 23, 5*r + 237 - 32 = 5*p. What is the greatest common factor of 4902 and p?
38
Suppose 6879 = 4*s + 2999 - 18780. Calculate the greatest common divisor of s and 165.
55
Suppose -296 = -4*l - q, -30*q + 367 = 5*l - 28*q. Calculate the greatest common divisor of 1450 and l.
25
Let h be ((-16)/(-2) - (4 - 0))*21. Calculate the greatest common divisor of h and 112.
28
Let h be 12004/120 + (-9)/270. What is the highest common divisor of 1450 and h?
50
Let n = 3 - -7. Let o(i) = -2*i**3 - 32*i**2 + 26. Let l be o(-16). Suppose -530 - 1810 = -l*f. What is the highest common factor of f and n?
10
Suppose 3*a - 4*a = -27. Let y be -2 - 5/((-20)/176). Suppose -2*u = y - 114. Calculate the greatest common factor of a and u.
9
Let w be (19/(-4) - 0)*8. Let u be ((-855)/(-60))/(1/(-4)). Let j = w - u. What is the greatest common divisor of j and 95?
19
Let z be ((-6)/10 + 28511/35)/2. Let b be (z/(-148))/((-1)/4). What is the greatest common factor of 1067 and b?
11
Suppose 7*q + 444 = 19*q. Suppose 0 = -28*f + q*f - 63. Calculate the greatest common divisor of 1 and f.
1
Let d be (-1)/2 - (9 + 63/6). Let c be (-20)/(-8)*(-168)/d. Let z = 82 - -86. Calculate the highest common factor of z and c.
21
Let w be (491 - -26) + -1*(1 + -1). Suppose -25*z = -558 - w. What is the highest common factor of z and 172?
43
Let v(s) = s**3 + 12*s - 41. Let t be v(3). Let f = 56 - 23. What is the highest common factor of f and t?
11
Let v(h) = -246*h**3 + h**2 + 117*h + 117. Let j be v(-1). What is the highest common factor of j and 325?
13
Suppose -74*w = -169*w + 85*w + 10. Let h be ((-22)/(-2) - 2) + -1. Suppose h*m = 31 + w. Calculate the highest common factor of m and 4.
4
Let f be (-4)/((-8)/3810)*78/130. Let o = f - 718. Calculate the greatest common factor of o and 25.
25
Let c(j) = 3*j**2 - 18*j + 312. Let w be c(0). What is the highest common factor of 3822 and w?
78
Suppose -25*b + 37540 + 16460 = 0. Calculate the highest common factor of 32 and b.
16
Let z(d) = 6*d - 14. Let l be z(-17). Let v = 162 + l. What is the greatest common factor of v and 782?
46
Suppose 0 = 7*c + 11 - 270. Let k = 192 + 141. What is the greatest common factor of k and c?
37
Let j(l) = l**2 + 45*l - 46. Let w be j(26). What is the highest common divisor of w and 80?
40
Let h be (-16)/(-2) - 2 - (-60957)/117. What is the greatest common factor of 403 and h?
31
Let u(w) be the third derivative of -w**6/120 + w**5/5 + 3*w**4/4 - 55*w**3/6 + 18*w**2. Let a be u(13). What is the highest common factor of 155 and a?
5
Let s = 5056 - 5002. What is the greatest common divisor of s and 2?
2
Let i(s) = 35*s**3 + s. Let c be i(1). Let g = 4657 - 4621. Calculate the highest common factor of g and c.
36
Let z = 3314 + -1597. Calculate the greatest common factor of 303 and z.
101
Suppose 97*v + 177*v - 21*v - 290191 = 0. Calculate the greatest common factor of 496 and v.
31
Let o(t) = -t**2 - 37*t - 24. Let q be o(-35). Suppose -y - q - 64 = -5*p, -2*p = y - 37. What is the highest common divisor of 3 and p?
3
Let l = -673 + 556. Let m = l - -293. Calculate the highest common divisor of 80 and m.
16
Let f be 6/24 + 2/(-8). Suppose 242 = z - f*z. Let m be (-6)/4*z/(-33). What is the highest common factor of 1 and m?
1
Let f(b) = -b**3 + 4*b**2 + 8*b - 8. Let a be f(3). Suppose 0 = -5*w + a + 10. Let s be -2 + (-46)/(-4 - -2). What is the highest common divisor of w and s?
7
Suppose 3*b + 4*w = 17958, -2*w = 3*b + 715 - 18673. What is the greatest common divisor of b and 41?
41
Let x(p) = p**2 + p + 1. Let t(w) = w**2 + 8*w - 3. Let h(d) = -t(d) + 3*x(d). Let l be h(4). Calculate the highest common divisor of l and 9.
9
Let p(c) = 9*c + 747. Let f be p(12). Calculate the greatest common divisor of f and 380.
95
Suppose 0*x - 5*x = 5*t - 275, -4*t - 2*x + 222 = 0. Let u be -643*(34/(-30) - (-4)/30). Let y = u + -635. Calculate the greatest common factor of t and y.
8
Let a be (-14)/(-105) - 3176/(-30). Suppose 5*i - 443 = 5*p + 4*i, -5*p = 3*i + 431. Let l = p + a. What is the highest common factor of 2 and l?
2
Let w = 373 + -214. Let c be w*1/6*-2*-3. Suppose 5*p = c + 116. Calculate the greatest common factor of p and 5.
5
Let w be -5 - (-125)/(-5)*-4. Let u = -1071 - -1090. Calculate the highest common divisor of u and w.
19
Let x(n) = -4*n + 13*n - 13*n**2 + 6*n + 11 - n**3 + 0*n. Let b be x(-14). Let d be 1 + 9/b - -34. Calculate the greatest common divisor of d and 160.
32
Let p(y) = -8*y**3 - 34*y - 12. Let i be p(-4). What is the greatest common factor of 2014 and i?
106
Suppose -402 = -5*r + 2*r. Let d = r + -114. What is the highest common divisor of 4 and d?
4
Suppose 18*b + 15*b - 1167 - 417 = 0. Calculate the highest common factor of 4296 and b.
24
Let g(z) = 922*z - 1696. Let s be g(10). What is the greatest common divisor of s and 18?
18
Suppose 40*l - 39937 = -24*l + 2879. What is the greatest common divisor of 3 and l?
3
Suppose 3*a - 9*m - 344 - 253 = 0, 2*m - 358 = -2*a. What is the highest common divisor of a and 2668?
92
Let t be (-328)/3*2535/(-676)*(-4)/(-10). Calculate the greatest common factor of 2706 and t.
82
Let o(w) = -3*w**3 - 231*w**2 - 237*w - 674. Let m be o(-76). Suppose 0 = 3*v - 123 - 357. What is the greatest common factor of m and v?
10
Let g(z) = 9*z - 333. Let x be g(38). Suppose -c - 5*d + 71 = 0, 3*c + 12*d - 247 = 14*d. What is the highest common factor of c and x?
9
Let z = -49 - -82. Let x = z - 0. Let f = x - 21. Calculate the greatest common divisor of 60 and f.
12
Let m = -1574 - -1606. Calculate the highest common factor of 6368 and m.
32
Suppose 113*a = 88827 - 19671. Calculate the greatest common factor of 63 and a.
9
Let g be (288/(-216))/((-8)/1344). What is the greatest common factor of 13608 and g?
56
Let u be (315/35 + -10)*5/((-10)/18796). Calculate the highest common divisor of 148 and u.
74
Let d be (22 + -28)*(-1)/1. Suppose d*h - 3*h = 36. What is the greatest common factor of h and 8?
4
Let n(p) = -p**3 + 54*p**2 - 139*p - 275. Let k be n(51). What is the highest common factor of k and 1?
1
Suppose 65*f = 62*f - 4*x + 36, 14 = -4*f + 5*x. What is the greatest common divisor of f and 538?
2
Let y(m) = m - 4. Let l(w) = w - 2. Let h(j) = -7*l(j) + 6*y(j). Let s be h(-13). Let v = 23 - 18. What is the highest common factor of s and v?
1
Let q = -18 - -43. Let u(m) = -m**2 + 14*m + 12. Suppose -68*v - 65 = -73*v. Let j be u(v). What is the highest common factor of j and q?
25
Let p(j) = 6*j + 3. Let v be p(3). Suppose 0 = 4*y - 2*t - 752, y - 71*t + 69*t = 185. What is the greatest common divisor of v and y?
21
Let o be 39/2 + (-15)/(-6) + -2. Suppose 0 = l - 1, -52*l + 47*l = -5*t + 70. Calculate the greatest common divisor of o and t.
5
Let x be (348